mainder when ((-10)/6)/(3/(-72)) is divided by 21.
19
Let f = -31 + 93. Calculate the remainder when f is divided by 21.
20
Let o = 84 + -59. What is the remainder when 73 is divided by o?
23
Let k(n) = 8*n - 4. Let v be k(-3). Let x = v + 68. Calculate the remainder when x is divided by 14.
12
Let d(j) = j**2 - 9*j - 10. Let v be d(9). Let a = 18 + v. What is the remainder when 14 is divided by a?
6
Let o(u) = u**2 + u + 3. Let f(s) = s**2 + 27. Let i be f(0). Suppose i - 11 = 4*b. Calculate the remainder when o(b) is divided by 12.
11
Suppose 2*n - 95 = -h, -2*n - 97 = -2*h + 87. What is the remainder when h is divided by 32?
29
Let u = -28 - -5. Let o = u + 35. What is the remainder when 33 is divided by o?
9
Suppose -12 = -w - 0*w. Suppose p + 4 = w. Calculate the remainder when (p/(-1 - 0))/(-1) is divided by 5.
3
Suppose 3*p = -4*x + 68, -3*x + 6*p - 3*p = -30. Suppose -2*l = 4*a - 42, 3*a = -2*l + 25 + x. Calculate the remainder when (4/6)/((-6)/(-387)) is divided by l.
13
Suppose -2*c + 5*t - 4 + 0 = 0, 9 = c + 3*t. What is the remainder when 4 is divided by c?
1
Suppose -4*i + 149 = -123. What is the remainder when i is divided by 14?
12
Let w be ((-45)/10)/(1/(-2)). Let k = w - 5. Calculate the remainder when 11 is divided by k.
3
Let b(j) = -14*j - 1. What is the remainder when b(-4) is divided by 12?
7
Let l(i) = 4*i - 19. What is the remainder when l(15) is divided by 11?
8
Suppose 0*q = 2*q - 72. Suppose 0 = -0*g + 2*g - q. Calculate the remainder when 71 is divided by g.
17
Suppose -i - 3*i = 4*j - 72, 75 = 4*j + 5*i. Calculate the remainder when 29 is divided by j.
14
Let f be (-1)/2 - 26/4. Let m(r) = 31*r + 3. Let g(n) = -16*n - 2. Let b(p) = f*g(p) - 4*m(p). Calculate the remainder when b(-3) is divided by 13.
12
Suppose -3*b + l = -10, b - 2*l = -2 - 3. Calculate the remainder when 7 is divided by b.
2
Let g(k) = -12 - k - 3*k**2 + 3*k + 15*k**2 - k**3. What is the remainder when 34 is divided by g(12)?
10
Suppose a + 11 = 27. Calculate the remainder when 61 is divided by a.
13
Let o = 41 + -83. Let k = 73 + o. What is the remainder when k is divided by 11?
9
Suppose -2*m + 12 = -6*m. Let u = m - -20. Calculate the remainder when u is divided by 5.
2
What is the remainder when 49 is divided by (0 - (-7 - -4)) + 10?
10
Let k = -9 - -18. Let d = 74 - 28. Suppose 6*u - 2*c - 77 = u, 2*u + 3*c - d = 0. Calculate the remainder when u is divided by k.
8
Let k be (-6)/(2 - 28/15). Let q = -26 - k. Suppose -3*m - 2*m = -2*w - 185, 0 = -4*w. What is the remainder when m is divided by q?
18
What is the remainder when 26 is divided by (-7)/84*-99 - (-2)/(-8)?
2
Let x be 0 + -2 + (-2 - -19). Suppose -b + 15 = -x. Calculate the remainder when b is divided by 8.
6
Let z be (-1 - -2 - 1)/1. Let p = z + 2. Suppose 0*j + 56 = 2*d - p*j, 3*d - 96 = -j. What is the remainder when d is divided by 11?
9
Suppose -3*k - s + 50 = 0, -3*k - 5*s + 52 = -3*s. Calculate the remainder when 63 is divided by k.
15
Let l be (-4)/(-14) + 4/(-14). Suppose -7*g = -2*g - 110. Suppose 2*p + l*p = g. What is the remainder when 21 is divided by p?
10
Suppose -6 = -4*o + 2*o. Suppose -3*q - 5*v + 9 = 0, -4*v = -q - 0 + 3. Calculate the remainder when o is divided by q.
0
Suppose 2*y + 2*y + 8 = 0, 5*d + 5*y - 185 = 0. Suppose -g - d = -4*g. Let a = 15 - 10. What is the remainder when g is divided by a?
3
Let s(g) = g**3 + 11*g**2 - 2*g - 4. Calculate the remainder when s(-11) is divided by 10.
8
Let v = 0 + 0. Let i(w) = w**3 + 4 - 4 + 11 - 5 + w - w**2. Calculate the remainder when i(v) is divided by 4.
2
Suppose n - 4*n - 3*s - 3678 = 0, -5*n - 4*s - 6128 = 0. What is the remainder when 6/(-21) - n/21 is divided by 15?
13
Let w(c) = 7*c + 2. Calculate the remainder when 26 is divided by w(1).
8
Let v = 107 - 33. What is the remainder when v is divided by 19?
17
Calculate the remainder when 39 is divided by 138/14 + 28/196.
9
Suppose -3*d - 7 = -4*d. Suppose -102 = y - d*y. Suppose 4*k + 6 = -2*i + 4*i, -19 = -3*i - 4*k. What is the remainder when y is divided by i?
2
Let w(q) = q**2 + 10*q - 2. Let r be w(-13). Let l = r + 14. What is the remainder when l is divided by 13?
12
Let f(c) = -14*c + 8. Let q(v) = -7*v + 4. Let b(d) = 2*f(d) - 5*q(d). What is the remainder when b(5) is divided by -2 - -23 - (2 + 3/1)?
15
Suppose r = -10 + 2. Let z = 1 + -2. Calculate the remainder when 22 is divided by (-1 + 1 + z)*r.
6
Let r(h) = -4*h - 34. Suppose -4*g = -s + 68, 2*s + 3*g - 77 - 48 = 0. Calculate the remainder when s is divided by r(-14).
20
What is the remainder when (211 + 1)/4 - 4 is divided by 17?
15
Suppose -b - 98 = -3*h, 24 = -5*h - 2*b + 180. What is the remainder when h is divided by 12?
8
Suppose -u - m + 6 = 0, -u = 2*u - 2*m - 3. Let o(n) = n - 2. What is the remainder when 1 is divided by o(u)?
0
Suppose d = 4*d - 102. Calculate the remainder when d is divided by 20.
14
Let x = -31 + 60. What is the remainder when x is divided by 8?
5
Suppose 0 - 2 = -u. Suppose -u*d - 19 = -135. Calculate the remainder when d is divided by 20.
18
Suppose 75 = 17*v - 163. Calculate the remainder when v is divided by 6.
2
Let l(d) = -d**3 + 4*d**2 + 16*d + 8. Calculate the remainder when 125 is divided by l(6).
29
Suppose -3*l + 5 = 2*l. Let d(f) = 10*f - 1. Calculate the remainder when 34 is divided by d(l).
7
Suppose -5*i + 19 = -6, 0 = -2*h - 2*i + 14. Let m = 8 + h. Calculate the remainder when 19 is divided by m.
9
Suppose 4*v + 2*g - 75 = -v, -3*g = -5*v + 100. What is the remainder when 33 is divided by v?
16
Suppose 5*d - d - 12 = 0. Let v(l) = l**2 + d*l**3 - 2*l**3 + 0*l**2. Calculate the remainder when v(1) is divided by 2.
0
Let h(d) = 22*d - 18. Suppose 2*f - 3*f = -18. Calculate the remainder when h(4) is divided by f.
16
What is the remainder when 62 is divided by (-5)/5 + 7*2?
10
Suppose 5*s - 86 = s - n, 0 = -2*s - 2*n + 46. Let c = 8 + -4. Suppose -c*a = -a - s. Calculate the remainder when a is divided by 4.
3
Suppose -4*d = -19 - 29. Suppose -5*p = -p + 3*j - 188, j = -p + 47. What is the remainder when p is divided by d?
11
Suppose 10*y - 56 = 6*y. What is the remainder when 24 is divided by y?
10
Let i = -10 - 0. Calculate the remainder when (12/i)/(4/(-30)) is divided by 6.
3
Let h be (-2 - 1) + 0 - -122. Suppose -4*m + 5*x + 18 + h = 0, 2*m = 4*x + 70. What is the remainder when m is divided by 17?
16
Let q(s) be the second derivative of s**2 + 0 + 1/6*s**3 - s. What is the remainder when 13 is divided by q(5)?
6
Let j be 84/9*(-54)/(-4). Let w = -76 + j. Calculate the remainder when w is divided by 17.
16
Let k = 11 + -1. Let p = 54 - 3. Suppose -p = -3*r - 0*r. What is the remainder when r is divided by k?
7
Let s(c) = c**2 - c + 1. Let n(g) = 5*g**2 + 3*g - 1. Let p(v) = n(v) - 3*s(v). Calculate the remainder when p(-5) is divided by 6.
4
Calculate the remainder when 47 is divided by 23 - (-5 + 4)*2.
22
Let a = -90 + 52. Let x = a + 71. Suppose 2*k + 13 - x = 0. Calculate the remainder when 28 is divided by k.
8
Suppose -4*o = -16, -4*o - 89 = -3*m - 2*m. Let w(u) = -12*u**3 - 2*u**2 + 1. Calculate the remainder when m is divided by w(-1).
10
Let a be (-6)/(-9) - 165/(-9). Let g = -17 - -7. Let n = g + a. Calculate the remainder when 17 is divided by n.
8
Let z be (5 + -7)/(2*1). Let a(v) = 10*v**2 + 1. What is the remainder when 31 is divided by a(z)?
9
Let w be (-1 + (-10)/(-4))*2. Suppose -5*l = -2*x + 246, -l + w*x - 55 = 2. What is the remainder when -1 - (l/2 - -2) is divided by 11?
10
Let j(w) = 2*w + 5*w + w + 2 - 5*w + 3*w**2. Suppose 3*o - 69 = -2*o + 2*z, 11 = o + z. Calculate the remainder when j(3) is divided by o.
12
Calculate the remainder when 0 + (-10)/35 + 447/21 is divided by 13.
8
Let n be 5/(-20) - (-118)/(-8). Let z = n + 28. Calculate the remainder when 24 is divided by z.
11
Suppose t + 499 = -t - 5*l, 0 = -4*l + 4. Let u = -21 - -30. What is the remainder when t/(-10) + 5/(-25) is divided by u?
7
Let p(v) = v**2 + 11*v - 34. What is the remainder when p(-18) is divided by 24?
20
Let u = 253 + -142. Let x = u + -61. What is the remainder when x is divided by 13?
11
Suppose r = -2*g + 13, -g - 4 + 16 = r. Let v = -25 - -46. Calculate the remainder when v is divided by r.
10
Suppose 5*k - 16 - 9 = 0. Let p(f) = -f**